{"id":526,"date":"2025-03-24T09:07:09","date_gmt":"2025-03-24T09:07:09","guid":{"rendered":"https:\/\/www.kelepo.fi\/?page_id=526"},"modified":"2025-03-24T09:07:10","modified_gmt":"2025-03-24T09:07:10","slug":"elain-ja-luontoavusteinen-toiminta","status":"publish","type":"page","link":"https:\/\/www.kelepo.fi\/index.php\/elain-ja-luontoavusteinen-toiminta\/","title":{"rendered":"El\u00e4in- ja luontoavusteinen toiminta"},"content":{"rendered":"\n<p>Kelepo tarjoaa erilaisia el\u00e4in- ja luontoavusteisi\u00e4 toimintoja, joiden  tavoitteena on vahvistaa yksil\u00f6n voimavaroja, vuorovaikutustaitoja ja toiminnanohjausta. Toiminnan sis\u00e4lt\u00f6\u00e4 on mahdollista r\u00e4\u00e4t\u00e4l\u00f6id\u00e4 tarpeiden ja yksil\u00f6n mukaan.<\/p>\n\n\n\n<p>Kysy tarjous ja tehd\u00e4\u00e4n teille sopiva toimintakokonaisuus!<\/p>\n\n\n\n<figure class=\"wp-block-image size-large\"><img loading=\"lazy\" decoding=\"async\" width=\"778\" height=\"1024\" src=\"https:\/\/www.kelepo.fi\/wp-content\/uploads\/2025\/03\/IMG-20241001-WA0006-778x1024.jpg\" alt=\"\" class=\"wp-image-527\" style=\"aspect-ratio:1;object-fit:cover\" srcset=\"https:\/\/www.kelepo.fi\/wp-content\/uploads\/2025\/03\/IMG-20241001-WA0006-778x1024.jpg 778w, https:\/\/www.kelepo.fi\/wp-content\/uploads\/2025\/03\/IMG-20241001-WA0006-228x300.jpg 228w, https:\/\/www.kelepo.fi\/wp-content\/uploads\/2025\/03\/IMG-20241001-WA0006-768x1011.jpg 768w, https:\/\/www.kelepo.fi\/wp-content\/uploads\/2025\/03\/IMG-20241001-WA0006-1166x1536.jpg 1166w, https:\/\/www.kelepo.fi\/wp-content\/uploads\/2025\/03\/IMG-20241001-WA0006.jpg 1555w\" sizes=\"auto, (max-width: 778px) 100vw, 778px\" \/><\/figure>\n","protected":false},"excerpt":{"rendered":"<p>Kelepo tarjoaa erilaisia el\u00e4in- ja luontoavusteisi\u00e4 toimintoja, joiden tavoitteena on vahvistaa yksil\u00f6n voimavaroja, vuorovaikutustaitoja ja toiminnanohjausta. Toiminnan sis\u00e4lt\u00f6\u00e4 on mahdollista r\u00e4\u00e4t\u00e4l\u00f6id\u00e4 tarpeiden ja yksil\u00f6n mukaan. Kysy tarjous ja tehd\u00e4\u00e4n teille sopiva toimintakokonaisuus!<\/p>\n","protected":false},"author":1,"featured_media":0,"parent":0,"menu_order":0,"comment_status":"closed","ping_status":"closed","template":"","meta":{"footnotes":""},"class_list":["post-526","page","type-page","status-publish","hentry","entry"],"_links":{"self":[{"href":"https:\/\/www.kelepo.fi\/index.php\/wp-json\/wp\/v2\/pages\/526","targetHints":{"allow":["GET"]}}],"collection":[{"href":"https:\/\/www.kelepo.fi\/index.php\/wp-json\/wp\/v2\/pages"}],"about":[{"href":"https:\/\/www.kelepo.fi\/index.php\/wp-json\/wp\/v2\/types\/page"}],"author":[{"embeddable":true,"href":"https:\/\/www.kelepo.fi\/index.php\/wp-json\/wp\/v2\/users\/1"}],"replies":[{"embeddable":true,"href":"https:\/\/www.kelepo.fi\/index.php\/wp-json\/wp\/v2\/comments?post=526"}],"version-history":[{"count":1,"href":"https:\/\/www.kelepo.fi\/index.php\/wp-json\/wp\/v2\/pages\/526\/revisions"}],"predecessor-version":[{"id":529,"href":"https:\/\/www.kelepo.fi\/index.php\/wp-json\/wp\/v2\/pages\/526\/revisions\/529"}],"wp:attachment":[{"href":"https:\/\/www.kelepo.fi\/index.php\/wp-json\/wp\/v2\/media?parent=526"}],"curies":[{"name":"wp","href":"https:\/\/api.w.org\/{rel}","templated":true}]}}