{"id":482,"date":"2025-01-21T07:48:15","date_gmt":"2025-01-21T07:48:15","guid":{"rendered":"https:\/\/www.kelepo.fi\/?page_id=482"},"modified":"2026-02-16T07:20:56","modified_gmt":"2026-02-16T07:20:56","slug":"minna-prokkola","status":"publish","type":"page","link":"https:\/\/www.kelepo.fi\/index.php\/minna-prokkola\/","title":{"rendered":"Minna Prokkola"},"content":{"rendered":"\n<p class=\"has-small-font-size\"><strong>Koulutus:<\/strong><br>Sosionomi-kirkon nuorisoty\u00f6nohjaaja (AMK)<br>L\u00e4hiesimiesty\u00f6n ammattitutkinto<\/p>\n\n\n\n<p class=\"has-small-font-size\"><strong>Lis\u00e4koulutukset:<\/strong><br>Ratkaisukeskeinen el\u00e4inavusteinen neuropsykiatrinen valmentaja<br>Muksuoppi-ohjaaja<br>Tietosuojavastaavan peruskoulutus<br><\/p>\n\n\n\n<figure class=\"wp-block-image size-full\"><img loading=\"lazy\" decoding=\"async\" width=\"648\" height=\"621\" src=\"https:\/\/www.kelepo.fi\/wp-content\/uploads\/2025\/01\/Nayttokuva-2025-01-21-093028-1.png\" alt=\"\" class=\"wp-image-487\" srcset=\"https:\/\/www.kelepo.fi\/wp-content\/uploads\/2025\/01\/Nayttokuva-2025-01-21-093028-1.png 648w, https:\/\/www.kelepo.fi\/wp-content\/uploads\/2025\/01\/Nayttokuva-2025-01-21-093028-1-300x288.png 300w\" sizes=\"auto, (max-width: 648px) 100vw, 648px\" \/><\/figure>\n\n\n\n<p class=\"has-small-font-size\"><strong>Ty\u00f6kokemus:<\/strong><br>Olen valmistunut sosionomi-kirkonnuorisoty\u00f6nohjaajaksi 2016 Helsingin Diakonia-ammattikorkeakoulussa. Opintojen aikana olen tehnyt t\u00f6it\u00e4 rippikouluik\u00e4isten nuorten kanssa Espoon seurakuntayhtym\u00e4ll\u00e4 sek\u00e4 harjoitteluja ja kes\u00e4t\u00f6it\u00e4 Helsingin Diakonissalaitoksella nuorten ja asunnottomien parissa. Valmistumiseni j\u00e4lkeen olen ty\u00f6skennellyt sosiaaliohjaajana eri vastaanottokeskuksissa p\u00e4\u00e4kaupunkiseudulla turvapaikanhakija-perheiden parissa 2016-2019.<\/p>\n\n\n\n<p class=\"has-small-font-size\">Vuonna 2019 muutin Ouluun ja p\u00e4\u00e4sin ty\u00f6skentelem\u00e4\u00e4n perhety\u00f6ntekij\u00e4n\u00e4 asiakkaiden kanssa, joilla on neuropsykiatrisia haasteita. Lis\u00e4ksi olen ty\u00f6skennellyt vuonna 2021 lastensuojelun sijaishuollon erityisyksik\u00f6ss\u00e4 haastavasti k\u00e4ytt\u00e4ytyvien nuorten kanssa.<\/p>\n\n\n\n<p class=\"has-small-font-size\">Ty\u00f6ni ohella olen p\u00e4\u00e4ssyt seuraamaan sivusta el\u00e4inavusteista ty\u00f6skentely\u00e4 ja huomaamaan sen vaikuttavuuden, josta kipin\u00e4 oman yrityksen perustamiseen ja el\u00e4inavusteiseen ty\u00f6skentelyyn on syttynyt! Kelepolla erityisosaamistani ovat monikulttuuriset perheet, pelaamiseen liittyv\u00e4t teemat sek\u00e4 k\u00e4ytt\u00e4ytymisen haasteet.<\/p>\n\n\n<div class=\"wp-block-image\">\n<figure class=\"aligncenter size-full is-resized\"><img loading=\"lazy\" decoding=\"async\" width=\"434\" height=\"426\" src=\"https:\/\/www.kelepo.fi\/wp-content\/uploads\/2025\/01\/Nayttokuva-2025-01-21-093348.png\" alt=\"\" class=\"wp-image-488\" style=\"width:419px;height:auto\" srcset=\"https:\/\/www.kelepo.fi\/wp-content\/uploads\/2025\/01\/Nayttokuva-2025-01-21-093348.png 434w, https:\/\/www.kelepo.fi\/wp-content\/uploads\/2025\/01\/Nayttokuva-2025-01-21-093348-300x294.png 300w\" sizes=\"auto, (max-width: 434px) 100vw, 434px\" \/><\/figure><\/div>\n\n\n<p><\/p>\n\n\n\n<p class=\"has-small-font-size\"><strong>Kuura-koira:<\/strong><br>Kuura (Tarutuulten Tulimyrsky) on tammikuussa 2021 syntynyt suomenlapinkoira narttu. Luonteeltaan Kuura on sosiaalinen, iloinen ja leikkis\u00e4. Kuuran lempihommia on k\u00e4vell\u00e4 mets\u00e4ss\u00e4, juosta pallojen per\u00e4ss\u00e4 sek\u00e4 etsi\u00e4 herkkuja piilopaikoista ja leikki\u00e4 piilosta. Kuura my\u00f6s rakastaa yli kaiken rapsutuksia! Vapaa-ajallaan Kuura nauttii mets\u00e4retkist\u00e4, oravien ja muiden mets\u00e4nel\u00e4inten tarkkailusta sek\u00e4 lapsiperhearjesta nauttimisesta.<\/p>\n","protected":false},"excerpt":{"rendered":"<p>Koulutus:Sosionomi-kirkon nuorisoty\u00f6nohjaaja (AMK)L\u00e4hiesimiesty\u00f6n ammattitutkinto Lis\u00e4koulutukset:Ratkaisukeskeinen el\u00e4inavusteinen neuropsykiatrinen valmentajaMuksuoppi-ohjaajaTietosuojavastaavan peruskoulutus Ty\u00f6kokemus:Olen valmistunut sosionomi-kirkonnuorisoty\u00f6nohjaajaksi 2016 Helsingin Diakonia-ammattikorkeakoulussa. Opintojen aikana olen tehnyt t\u00f6it\u00e4 rippikouluik\u00e4isten nuorten kanssa Espoon seurakuntayhtym\u00e4ll\u00e4 sek\u00e4 harjoitteluja ja kes\u00e4t\u00f6it\u00e4 Helsingin Diakonissalaitoksella nuorten ja asunnottomien parissa. Valmistumiseni j\u00e4lkeen olen ty\u00f6skennellyt sosiaaliohjaajana eri vastaanottokeskuksissa p\u00e4\u00e4kaupunkiseudulla turvapaikanhakija-perheiden parissa 2016-2019. Vuonna 2019 muutin Ouluun ja p\u00e4\u00e4sin ty\u00f6skentelem\u00e4\u00e4n perhety\u00f6ntekij\u00e4n\u00e4 asiakkaiden&hellip; <a class=\"more-link\" href=\"https:\/\/www.kelepo.fi\/index.php\/minna-prokkola\/\">Jatka lukemista <span class=\"screen-reader-text\">Minna Prokkola<\/span><\/a><\/p>\n","protected":false},"author":1,"featured_media":0,"parent":0,"menu_order":0,"comment_status":"closed","ping_status":"closed","template":"","meta":{"footnotes":""},"class_list":["post-482","page","type-page","status-publish","hentry","entry"],"_links":{"self":[{"href":"https:\/\/www.kelepo.fi\/index.php\/wp-json\/wp\/v2\/pages\/482","targetHints":{"allow":["GET"]}}],"collection":[{"href":"https:\/\/www.kelepo.fi\/index.php\/wp-json\/wp\/v2\/pages"}],"about":[{"href":"https:\/\/www.kelepo.fi\/index.php\/wp-json\/wp\/v2\/types\/page"}],"author":[{"embeddable":true,"href":"https:\/\/www.kelepo.fi\/index.php\/wp-json\/wp\/v2\/users\/1"}],"replies":[{"embeddable":true,"href":"https:\/\/www.kelepo.fi\/index.php\/wp-json\/wp\/v2\/comments?post=482"}],"version-history":[{"count":7,"href":"https:\/\/www.kelepo.fi\/index.php\/wp-json\/wp\/v2\/pages\/482\/revisions"}],"predecessor-version":[{"id":593,"href":"https:\/\/www.kelepo.fi\/index.php\/wp-json\/wp\/v2\/pages\/482\/revisions\/593"}],"wp:attachment":[{"href":"https:\/\/www.kelepo.fi\/index.php\/wp-json\/wp\/v2\/media?parent=482"}],"curies":[{"name":"wp","href":"https:\/\/api.w.org\/{rel}","templated":true}]}}

<p class="has-small-font-size"><strong>Koulutus:</strong><br>Sosionomi-kirkon nuorisotyönohjaaja (AMK)<br>Lähiesimiestyön ammattitutkinto</p>



<p class="has-small-font-size"><strong>Lisäkoulutukset:</strong><br>Ratkaisukeskeinen eläinavusteinen neuropsykiatrinen valmentaja<br>Muksuoppi-ohjaaja<br>Tietosuojavastaavan peruskoulutus<br></p>



<figure class="wp-block-image size-full"><img loading="lazy" decoding="async" width="648" height="621" src="https://www.kelepo.fi/wp-content/uploads/2025/01/Nayttokuva-2025-01-21-093028-1.png" alt="" class="wp-image-487" srcset="https://www.kelepo.fi/wp-content/uploads/2025/01/Nayttokuva-2025-01-21-093028-1.png 648w, https://www.kelepo.fi/wp-content/uploads/2025/01/Nayttokuva-2025-01-21-093028-1-300x288.png 300w" sizes="auto, (max-width: 648px) 100vw, 648px" /></figure>



<p class="has-small-font-size"><strong>Työkokemus:</strong><br>Olen valmistunut sosionomi-kirkonnuorisotyönohjaajaksi 2016 Helsingin Diakonia-ammattikorkeakoulussa. Opintojen aikana olen tehnyt töitä rippikouluikäisten nuorten kanssa Espoon seurakuntayhtymällä sekä harjoitteluja ja kesätöitä Helsingin Diakonissalaitoksella nuorten ja asunnottomien parissa. Valmistumiseni jälkeen olen työskennellyt sosiaaliohjaajana eri vastaanottokeskuksissa pääkaupunkiseudulla turvapaikanhakija-perheiden parissa 2016-2019.</p>



<p class="has-small-font-size">Vuonna 2019 muutin Ouluun ja pääsin työskentelemään perhetyöntekijänä asiakkaiden kanssa, joilla on neuropsykiatrisia haasteita. Lisäksi olen työskennellyt vuonna 2021 lastensuojelun sijaishuollon erityisyksikössä haastavasti käyttäytyvien nuorten kanssa.</p>



<p class="has-small-font-size">Työni ohella olen päässyt seuraamaan sivusta eläinavusteista työskentelyä ja huomaamaan sen vaikuttavuuden, josta kipinä oman yrityksen perustamiseen ja eläinavusteiseen työskentelyyn on syttynyt! Kelepolla erityisosaamistani ovat monikulttuuriset perheet, pelaamiseen liittyvät teemat sekä käyttäytymisen haasteet.</p>


<div class="wp-block-image">
<figure class="aligncenter size-full is-resized"><img loading="lazy" decoding="async" width="434" height="426" src="https://www.kelepo.fi/wp-content/uploads/2025/01/Nayttokuva-2025-01-21-093348.png" alt="" class="wp-image-488" style="width:419px;height:auto" srcset="https://www.kelepo.fi/wp-content/uploads/2025/01/Nayttokuva-2025-01-21-093348.png 434w, https://www.kelepo.fi/wp-content/uploads/2025/01/Nayttokuva-2025-01-21-093348-300x294.png 300w" sizes="auto, (max-width: 434px) 100vw, 434px" /></figure></div>


<p></p>



<p class="has-small-font-size"><strong>Kuura-koira:</strong><br>Kuura (Tarutuulten Tulimyrsky) on tammikuussa 2021 syntynyt suomenlapinkoira narttu. Luonteeltaan Kuura on sosiaalinen, iloinen ja leikkisä. Kuuran lempihommia on kävellä metsässä, juosta pallojen perässä sekä etsiä herkkuja piilopaikoista ja leikkiä piilosta. Kuura myös rakastaa yli kaiken rapsutuksia! Vapaa-ajallaan Kuura nauttii metsäretkistä, oravien ja muiden metsäneläinten tarkkailusta sekä lapsiperhearjesta nauttimisesta.</p>

<p>Koulutus:Sosionomi-kirkon nuorisotyönohjaaja (AMK)Lähiesimiestyön ammattitutkinto Lisäkoulutukset:Ratkaisukeskeinen eläinavusteinen neuropsykiatrinen valmentajaMuksuoppi-ohjaajaTietosuojavastaavan peruskoulutus Työkokemus:Olen valmistunut sosionomi-kirkonnuorisotyönohjaajaksi 2016 Helsingin Diakonia-ammattikorkeakoulussa. Opintojen aikana olen tehnyt töitä rippikouluikäisten nuorten kanssa Espoon seurakuntayhtymällä sekä harjoitteluja ja kesätöitä Helsingin Diakonissalaitoksella nuorten ja asunnottomien parissa. Valmistumiseni jälkeen olen työskennellyt sosiaaliohjaajana eri vastaanottokeskuksissa pääkaupunkiseudulla turvapaikanhakija-perheiden parissa 2016-2019. Vuonna 2019 muutin Ouluun ja pääsin työskentelemään perhetyöntekijänä asiakkaiden&hellip; <a class="more-link" href="https://www.kelepo.fi/index.php/minna-prokkola/">Jatka lukemista <span class="screen-reader-text">Minna Prokkola</span></a></p>
