{"id":447,"date":"2024-09-18T08:59:31","date_gmt":"2024-09-18T08:59:31","guid":{"rendered":"https:\/\/www.kelepo.fi\/?page_id=447"},"modified":"2025-04-07T12:05:01","modified_gmt":"2025-04-07T12:05:01","slug":"luonne-taydennyskoulutus","status":"publish","type":"page","link":"https:\/\/www.kelepo.fi\/index.php\/luonne-taydennyskoulutus\/","title":{"rendered":"Luonne-t\u00e4ydennyskoulutus"},"content":{"rendered":"\n<p class=\"has-small-font-size\"><strong>Luonne \u2013 luonto- ja el\u00e4inavusteisten menetelmien t\u00e4ydennyskoulutus neuropsykiatrisille valmentajille<\/strong><\/p>\n\n\n\n<p class=\"has-small-font-size\">Luonne-t\u00e4ydennyskoulutus on tarkoitettu neuropsykiatrisen valmentajan koulutuksen k\u00e4yneille ammattilaisille, jotka ovat kiinnostuneita el\u00e4in- ja luontoavusteisuuden hy\u00f6dynt\u00e4misest\u00e4 osana omaa ty\u00f6skentely\u00e4\u00e4n.&nbsp; Koulutus sis\u00e4lt\u00e4\u00e4 sopivassa suhteessa teoriatietoa ja k\u00e4yt\u00e4nn\u00f6n harjoitteita, joiden avulla saat hyv\u00e4t valmiudet el\u00e4in -ja luontoavusteiseen ty\u00f6skentelyyn.<\/p>\n\n\n\n<figure class=\"wp-block-image size-large\"><img loading=\"lazy\" decoding=\"async\" width=\"1024\" height=\"927\" src=\"https:\/\/www.kelepo.fi\/wp-content\/uploads\/2024\/09\/IMG-20231204-WA0000-1024x927.jpg\" alt=\"\" class=\"wp-image-456\" srcset=\"https:\/\/www.kelepo.fi\/wp-content\/uploads\/2024\/09\/IMG-20231204-WA0000-1024x927.jpg 1024w, https:\/\/www.kelepo.fi\/wp-content\/uploads\/2024\/09\/IMG-20231204-WA0000-300x272.jpg 300w, https:\/\/www.kelepo.fi\/wp-content\/uploads\/2024\/09\/IMG-20231204-WA0000-768x695.jpg 768w, https:\/\/www.kelepo.fi\/wp-content\/uploads\/2024\/09\/IMG-20231204-WA0000-1536x1390.jpg 1536w, https:\/\/www.kelepo.fi\/wp-content\/uploads\/2024\/09\/IMG-20231204-WA0000-1568x1419.jpg 1568w, https:\/\/www.kelepo.fi\/wp-content\/uploads\/2024\/09\/IMG-20231204-WA0000.jpg 1600w\" sizes=\"auto, (max-width: 1024px) 100vw, 1024px\" \/><\/figure>\n\n\n\n<p class=\"has-small-font-size\"><strong>Koulutuksen sis\u00e4lt\u00f6:<\/strong><\/p>\n\n\n\n<ul class=\"wp-block-list\">\n<li class=\"has-extra-small-font-size\">El\u00e4in- ja luontoavusteisen toiminnan taustateoriat ja eettiset periaatteet<\/li>\n\n\n\n<li class=\"has-extra-small-font-size\">El\u00e4imen soveltuvuus el\u00e4inavusteiseen ty\u00f6skentelyyn<\/li>\n\n\n\n<li class=\"has-extra-small-font-size\">El\u00e4in- ja luontoavusteisen toiminnan turvallisuus<\/li>\n\n\n\n<li class=\"has-extra-small-font-size\">Teoriatietoa nepsypiirteisen asiakkaan tukemisesta el\u00e4in- ja luontoavusteisin menetelmin<\/li>\n\n\n\n<li class=\"has-extra-small-font-size\">K\u00e4yt\u00e4nn\u00f6n vinkkej\u00e4 ja konkreettisia ty\u00f6menetelmi\u00e4 el\u00e4in- ja luontoavusteiseen ty\u00f6skentelyyn<\/li>\n<\/ul>\n\n\n\n<p class=\"has-small-font-size\"><strong>Koulutuksen k\u00e4yty\u00e4si:<\/strong><\/p>\n\n\n\n<ul class=\"wp-block-list\">\n<li class=\"has-extra-small-font-size\">Ymm\u00e4rr\u00e4t el\u00e4in- ja luontoavusteisen toiminnan taustateoriat, keskeiset k\u00e4sitteet&nbsp;ja eettiset periaatteet<\/li>\n\n\n\n<li class=\"has-extra-small-font-size\">Osaat hy\u00f6dynt\u00e4\u00e4 el\u00e4in- ja luontoavusteisia menetelmi\u00e4 osana neuropsykiatrisena valmentajana toimimista &nbsp;<\/li>\n\n\n\n<li class=\"has-extra-small-font-size\">Osaat huomioida el\u00e4in- ja luontoavusteiseen toimintaan liittyv\u00e4t turvallisuustekij\u00e4t ja laatia turvallisuussuunnitelman<\/li>\n\n\n\n<li class=\"has-extra-small-font-size\">Saat kirjallisen todistuksen, jolla osoitat p\u00e4tevyytesi el\u00e4in- ja luontoavusteisen toiminnan toteuttamiseen osana ty\u00f6skentely\u00e4si<\/li>\n<\/ul>\n\n\n\n<p><\/p>\n\n\n\n<p class=\"has-small-font-size\"><strong>Koulutuksen aikataulu ja hinta:<\/strong><\/p>\n\n\n\n<p class=\"has-small-font-size\">15.-16.5.2025 ja 12.-13.6.2025 (klo 9-16). Koulutus j\u00e4rjestet\u00e4\u00e4n Kelepo Oy:n tiloissa Kempeleess\u00e4 (Merituuli 3 B 7, 90440 Kempele).<\/p>\n\n\n\n<p class=\"has-small-font-size\">Koulutusp\u00e4ivien v\u00e4lill\u00e4 tehd\u00e4\u00e4n el\u00e4in- ja luontoavusteiseen toimintaan liittyvi\u00e4 harjoitteita.<\/p>\n\n\n\n<p class=\"has-small-font-size\">Hinta: EarlyBird hinta 399\u20ac\/hl\u00f6 (sis. alv 25,5%), kun ilmoittaudut 21.4.2025 menness\u00e4! Hinta t\u00e4m\u00e4n j\u00e4lkeen 449\u20ac\/hl\u00f6 (sis. alv).<\/p>\n\n\n\n<div class=\"wp-block-buttons is-content-justification-center is-layout-flex wp-container-core-buttons-is-layout-16018d1d wp-block-buttons-is-layout-flex\">\n<div class=\"wp-block-button\"><a class=\"wp-block-button__link has-text-align-center wp-element-button\" href=\"https:\/\/form.jotform.com\/242612194078356\">Ilmoittaudu mukaan!<\/a><\/div>\n<\/div>\n\n\n\n<p class=\"has-small-font-size\"><strong>Kouluttajat:<\/strong><\/p>\n\n\n\n<p class=\"has-small-font-size\">Marja Kalinen<br>Kasvatuspsykologi, yhteiskuntatieteiden kandidaatti, sosionomi (AMK), el\u00e4inavusteinen neuropsykiatrinen valmentaja<\/p>\n\n\n\n<p class=\"has-small-font-size\">Silja K\u00e4\u00e4ri\u00e4inen<br>Sosionomi (AMK), el\u00e4inavusteinen neuropsykiatrinen valmentaja<\/p>\n\n\n\n<p class=\"has-small-font-size\">Marjo Piira<br>Sosionomi (AMK), ymp\u00e4rist\u00f6kasvattaja<\/p>\n","protected":false},"excerpt":{"rendered":"<p>Luonne \u2013 luonto- ja el\u00e4inavusteisten menetelmien t\u00e4ydennyskoulutus neuropsykiatrisille valmentajille Luonne-t\u00e4ydennyskoulutus on tarkoitettu neuropsykiatrisen valmentajan koulutuksen k\u00e4yneille ammattilaisille, jotka ovat kiinnostuneita el\u00e4in- ja luontoavusteisuuden hy\u00f6dynt\u00e4misest\u00e4 osana omaa ty\u00f6skentely\u00e4\u00e4n.&nbsp; Koulutus sis\u00e4lt\u00e4\u00e4 sopivassa suhteessa teoriatietoa ja k\u00e4yt\u00e4nn\u00f6n harjoitteita, joiden avulla saat hyv\u00e4t valmiudet el\u00e4in -ja luontoavusteiseen ty\u00f6skentelyyn. Koulutuksen sis\u00e4lt\u00f6: Koulutuksen k\u00e4yty\u00e4si: Koulutuksen aikataulu ja hinta: 15.-16.5.2025 ja 12.-13.6.2025&hellip; <a class=\"more-link\" href=\"https:\/\/www.kelepo.fi\/index.php\/luonne-taydennyskoulutus\/\">Jatka lukemista <span class=\"screen-reader-text\">Luonne-t\u00e4ydennyskoulutus<\/span><\/a><\/p>\n","protected":false},"author":1,"featured_media":0,"parent":0,"menu_order":0,"comment_status":"closed","ping_status":"closed","template":"","meta":{"footnotes":""},"class_list":["post-447","page","type-page","status-publish","hentry","entry"],"_links":{"self":[{"href":"https:\/\/www.kelepo.fi\/index.php\/wp-json\/wp\/v2\/pages\/447","targetHints":{"allow":["GET"]}}],"collection":[{"href":"https:\/\/www.kelepo.fi\/index.php\/wp-json\/wp\/v2\/pages"}],"about":[{"href":"https:\/\/www.kelepo.fi\/index.php\/wp-json\/wp\/v2\/types\/page"}],"author":[{"embeddable":true,"href":"https:\/\/www.kelepo.fi\/index.php\/wp-json\/wp\/v2\/users\/1"}],"replies":[{"embeddable":true,"href":"https:\/\/www.kelepo.fi\/index.php\/wp-json\/wp\/v2\/comments?post=447"}],"version-history":[{"count":12,"href":"https:\/\/www.kelepo.fi\/index.php\/wp-json\/wp\/v2\/pages\/447\/revisions"}],"predecessor-version":[{"id":535,"href":"https:\/\/www.kelepo.fi\/index.php\/wp-json\/wp\/v2\/pages\/447\/revisions\/535"}],"wp:attachment":[{"href":"https:\/\/www.kelepo.fi\/index.php\/wp-json\/wp\/v2\/media?parent=447"}],"curies":[{"name":"wp","href":"https:\/\/api.w.org\/{rel}","templated":true}]}}