{"id":12,"date":"2021-10-15T11:19:21","date_gmt":"2021-10-15T11:19:21","guid":{"rendered":"http:\/\/www.kelepo.fi\/?page_id=12"},"modified":"2026-03-13T06:34:11","modified_gmt":"2026-03-13T06:34:11","slug":"yhteystiedot","status":"publish","type":"page","link":"https:\/\/www.kelepo.fi\/index.php\/yhteystiedot\/","title":{"rendered":"Ota yhteytt\u00e4"},"content":{"rendered":"\n<p class=\"has-small-font-size\"><strong>Marja R\u00e5man<\/strong><br>Toimitusjohtaja<br>Puh: 044 980 3378<br>marja.raman@kelepo.fi<\/p>\n\n\n\n<p class=\"has-small-font-size\"><strong>Minna Prokkola<\/strong><br>Palvelujohtaja<br>Puh: 044 977 3486<br>minna.prokkola@kelepo.fi<\/p>\n\n\n\n<p class=\"has-small-font-size\"><strong>Postiosoite<br><\/strong>Merituuli 3 B 7<br>90440 Kempele<\/p>\n\n\n\n<p class=\"has-small-font-size\"><strong>Tilaukset ja tiedustelut<\/strong><br>toimisto@kelepo.fi<\/p>\n\n\n\n<p class=\"has-small-font-size\"><strong>Verkkolaskutustiedot<br><\/strong>Kelepo Oy<br>Verkkolaskujen v\u00e4litt\u00e4j\u00e4: 003708599126 (OpenText)<br>Verkkolaskutusosoite: 003732393339<br>Y-tunnus: 3239333-9<br><br>Lis\u00e4tietoja laskutuksiin liittyen: toimisto@kelepo.fi<\/p>\n\n\n\n<figure class=\"wp-block-image size-large\"><img loading=\"lazy\" decoding=\"async\" width=\"1024\" height=\"682\" src=\"https:\/\/www.kelepo.fi\/wp-content\/uploads\/2021\/04\/a320f86c-d823-41dd-bb99-f19053e7d088-1024x682.jpg\" alt=\"\" class=\"wp-image-7\" srcset=\"https:\/\/www.kelepo.fi\/wp-content\/uploads\/2021\/04\/a320f86c-d823-41dd-bb99-f19053e7d088-1024x682.jpg 1024w, https:\/\/www.kelepo.fi\/wp-content\/uploads\/2021\/04\/a320f86c-d823-41dd-bb99-f19053e7d088-300x200.jpg 300w, https:\/\/www.kelepo.fi\/wp-content\/uploads\/2021\/04\/a320f86c-d823-41dd-bb99-f19053e7d088-768x512.jpg 768w, https:\/\/www.kelepo.fi\/wp-content\/uploads\/2021\/04\/a320f86c-d823-41dd-bb99-f19053e7d088-1536x1023.jpg 1536w, https:\/\/www.kelepo.fi\/wp-content\/uploads\/2021\/04\/a320f86c-d823-41dd-bb99-f19053e7d088-1568x1045.jpg 1568w, https:\/\/www.kelepo.fi\/wp-content\/uploads\/2021\/04\/a320f86c-d823-41dd-bb99-f19053e7d088.jpg 1600w\" sizes=\"auto, (max-width: 1024px) 100vw, 1024px\" \/><\/figure>\n","protected":false},"excerpt":{"rendered":"<p>Marja R\u00e5manToimitusjohtajaPuh: 044 980 3378marja.raman@kelepo.fi Minna ProkkolaPalvelujohtajaPuh: 044 977 3486minna.prokkola@kelepo.fi PostiosoiteMerituuli 3 B 790440 Kempele Tilaukset ja tiedusteluttoimisto@kelepo.fi VerkkolaskutustiedotKelepo OyVerkkolaskujen v\u00e4litt\u00e4j\u00e4: 003708599126 (OpenText)Verkkolaskutusosoite: 003732393339Y-tunnus: 3239333-9 Lis\u00e4tietoja laskutuksiin liittyen: toimisto@kelepo.fi<\/p>\n","protected":false},"author":1,"featured_media":0,"parent":0,"menu_order":0,"comment_status":"closed","ping_status":"closed","template":"","meta":{"footnotes":""},"class_list":["post-12","page","type-page","status-publish","hentry","entry"],"_links":{"self":[{"href":"https:\/\/www.kelepo.fi\/index.php\/wp-json\/wp\/v2\/pages\/12","targetHints":{"allow":["GET"]}}],"collection":[{"href":"https:\/\/www.kelepo.fi\/index.php\/wp-json\/wp\/v2\/pages"}],"about":[{"href":"https:\/\/www.kelepo.fi\/index.php\/wp-json\/wp\/v2\/types\/page"}],"author":[{"embeddable":true,"href":"https:\/\/www.kelepo.fi\/index.php\/wp-json\/wp\/v2\/users\/1"}],"replies":[{"embeddable":true,"href":"https:\/\/www.kelepo.fi\/index.php\/wp-json\/wp\/v2\/comments?post=12"}],"version-history":[{"count":13,"href":"https:\/\/www.kelepo.fi\/index.php\/wp-json\/wp\/v2\/pages\/12\/revisions"}],"predecessor-version":[{"id":595,"href":"https:\/\/www.kelepo.fi\/index.php\/wp-json\/wp\/v2\/pages\/12\/revisions\/595"}],"wp:attachment":[{"href":"https:\/\/www.kelepo.fi\/index.php\/wp-json\/wp\/v2\/media?parent=12"}],"curies":[{"name":"wp","href":"https:\/\/api.w.org\/{rel}","templated":true}]}}